{"id":21,"date":"2014-02-12T14:39:14","date_gmt":"2014-02-12T13:39:14","guid":{"rendered":"http:\/\/musik-landkreis-fulda.de\/?page_id=21"},"modified":"2025-01-31T12:07:29","modified_gmt":"2025-01-31T11:07:29","slug":"impressum","status":"publish","type":"page","link":"https:\/\/www.musik-landkreis-fulda.de\/?page_id=21","title":{"rendered":"Impressum  und  Datenschutzerkl\u00e4rung"},"content":{"rendered":"\r\n<h4 class=\"wp-block-heading\"><strong>Impressum<\/strong><\/h4>\r\n\r\n\r\n\r\n<p>KreisMusikSchule<br \/>W\u00f6rthstr. 15<br \/>36037 Fulda<\/p>\r\n\r\n\r\n\r\n<p>Tel.: (0661) 6006-1644<br \/>Fax: (0661) 6006-1630<br \/>E-Mail: musikschule@landkreis-fulda.de<\/p>\r\n\r\n\r\n<div class=\"wp-block-image wp-image-1250 size-thumbnail\">\r\n<figure class=\"alignleft\"><img loading=\"lazy\" decoding=\"async\" width=\"150\" height=\"150\" class=\"wp-image-1250\" src=\"https:\/\/www.musik-landkreis-fulda.de\/web\/wp-content\/uploads\/2024\/11\/Huber_Julia-150x150.png\" alt=\"\" srcset=\"https:\/\/www.musik-landkreis-fulda.de\/web\/wp-content\/uploads\/2024\/11\/Huber_Julia-150x150.png 150w, https:\/\/www.musik-landkreis-fulda.de\/web\/wp-content\/uploads\/2024\/11\/Huber_Julia-300x300.png 300w, https:\/\/www.musik-landkreis-fulda.de\/web\/wp-content\/uploads\/2024\/11\/Huber_Julia-1024x1024.png 1024w, https:\/\/www.musik-landkreis-fulda.de\/web\/wp-content\/uploads\/2024\/11\/Huber_Julia-768x768.png 768w, https:\/\/www.musik-landkreis-fulda.de\/web\/wp-content\/uploads\/2024\/11\/Huber_Julia-360x360.png 360w, https:\/\/www.musik-landkreis-fulda.de\/web\/wp-content\/uploads\/2024\/11\/Huber_Julia-700x700.png 700w, https:\/\/www.musik-landkreis-fulda.de\/web\/wp-content\/uploads\/2024\/11\/Huber_Julia.png 1181w\" sizes=\"auto, (max-width: 150px) 100vw, 150px\" \/>\r\n<figcaption class=\"wp-element-caption\">Programmbereichsleitung: Julia Huber<\/figcaption>\r\n<\/figure>\r\n<\/div>\r\n\r\n<div class=\"wp-block-image wp-image-1249 size-thumbnail\">\r\n<figure class=\"alignleft\"><img loading=\"lazy\" decoding=\"async\" width=\"150\" height=\"150\" class=\"wp-image-1249\" src=\"https:\/\/www.musik-landkreis-fulda.de\/web\/wp-content\/uploads\/2024\/11\/Schneider_team-150x150.jpg\" alt=\"\" srcset=\"https:\/\/www.musik-landkreis-fulda.de\/web\/wp-content\/uploads\/2024\/11\/Schneider_team-150x150.jpg 150w, https:\/\/www.musik-landkreis-fulda.de\/web\/wp-content\/uploads\/2024\/11\/Schneider_team.jpg 280w\" sizes=\"auto, (max-width: 150px) 100vw, 150px\" \/>\r\n<figcaption class=\"wp-element-caption\">Musikschulverwaltung: Andrea Schneider<\/figcaption>\r\n<\/figure>\r\n<\/div>\r\n\r\n\r\n<p>&nbsp;<\/p>\r\n\r\n\r\n\r\n<p>&nbsp;<\/p>\r\n\r\n\r\n\r\n<p>&nbsp;<\/p>\r\n\r\n\r\n\r\n<p>&nbsp;<\/p>\r\n\r\n\r\n\r\n<p>&nbsp;<\/p>\r\n\r\n\r\n\r\n<p>Die Volkshochschule des Landkreises Fulda ist eine Einrichtung des Landkreises Fulda und untersteht dem Kreisausschuss.<\/p>\r\n\r\n\r\n\r\n<p>&nbsp;<\/p>\r\n\r\n\r\n\r\n<p>&nbsp;<\/p>\r\n\r\n\r\n\r\n<p>&nbsp;<\/p>\r\n\r\n\r\n\r\n<p>Verantwortlich f\u00fcr den Inhalt nach \u00a7 55 Abs. 2 RStV ist der<br \/>Landkreis Fulda<br \/>W\u00f6rthstr. 15<br \/>36037 Fulda<\/p>\r\n\r\n\r\n\r\n<p>Sprechzeiten der Verwaltung:<br \/>Montag, Dienstag, Donnerstag: 8.30 Uhr &#8211; 15.30 Uhr<br \/>Mittwoch und Freitag: 8.30 Uhr &#8211; 12:30 Uhr<\/p>\r\n\r\n\r\n\r\n<p>Einen Orientierungsplan f\u00fcr das Unterrichtsgeb\u00e4ude \u201eGeorg-Stieler-Haus\u201c finden Sie <a href=\"http:\/\/musik-landkreis-fulda.de\/wp-content\/uploads\/2014\/02\/Orientierungsplan.pdf\" target=\"_blank\" rel=\"noreferrer noopener\">hier<\/a>.<\/p>\r\n\r\n\r\n\r\n<p><strong>Haftungsausschluss<\/strong><\/p>\r\n\r\n\r\n\r\n<p><strong>Haftung f\u00fcr Inhalte<br \/><\/strong>Die Inhalte unserer Seiten wurden mit gr\u00f6\u00dfter Sorgfalt erstellt. F\u00fcr die Richtigkeit, Vollst\u00e4ndigkeit und Aktualit\u00e4t der Inhalte k\u00f6nnen wir jedoch keine Gew\u00e4hr \u00fcbernehmen.<\/p>\r\n\r\n\r\n\r\n<p>Als Diensteanbieter sind wir gem\u00e4\u00df \u00a7 7 Abs.1 TMG f\u00fcr eigene Inhalte auf diesen Seiten nach den allgemeinen Gesetzen verantwortlich. Nach \u00a7\u00a7 8 bis 10 TMG sind wir als Diensteanbieter jedoch nicht verpflichtet, \u00fcbermittelte oder gespeicherte fremde Informationen zu \u00fcberwachen oder nach Umst\u00e4nden zu forschen, die auf eine rechtswidrige T\u00e4tigkeit hinweisen. Verpflichtungen zur Entfernung oder Sperrung der Nutzung von Informationen nach den allgemeinen Gesetzen bleiben hiervon unber\u00fchrt. Eine diesbez\u00fcgliche Haftung ist jedoch erst ab dem Zeitpunkt der Kenntnis einer konkreten Rechtsverletzung m\u00f6glich. Bei bekannt werden von entsprechenden Rechtsverletzungen werden wir diese Inhalte umgehend entfernen.<\/p>\r\n\r\n\r\n\r\n<p><strong>Haftung f\u00fcr Links<br \/><\/strong>Unser Angebot enth\u00e4lt Links zu externen Webseiten Dritter, auf deren Inhalte wir keinen Einfluss haben. Deshalb k\u00f6nnen wir f\u00fcr diese fremden Inhalte auch keine Gew\u00e4hr \u00fcbernehmen. F\u00fcr die Inhalte der verlinkten Seiten ist stets der jeweilige Anbieter oder Betreiber der Seiten verantwortlich. Die verlinkten Seiten wurden zum Zeitpunkt der Verlinkung auf m\u00f6gliche Rechtsverst\u00f6\u00dfe \u00fcberpr\u00fcft. Rechtswidrige Inhalte waren zum Zeitpunkt der Verlinkung nicht erkennbar. Eine permanente inhaltliche Kontrolle der verlinkten Seiten ist jedoch ohne konkrete Anhaltspunkte einer Rechtsverletzung nicht zumutbar. Bei bekannt werden von Rechtsverletzungen werden wir derartige Links umgehend entfernen.<\/p>\r\n\r\n\r\n\r\n<p><strong>Urheberrecht<br \/><\/strong>Die durch die Seitenbetreiber erstellten Inhalte und Werke auf diesen Seiten unterliegen dem deutschen Urheberrecht. Beitr\u00e4ge Dritter sind als solche gekennzeichnet. Die Vervielf\u00e4ltigung, Bearbeitung, Verbreitung und jede Art der Verwertung au\u00dferhalb der Grenzen des Urheberrechtes bed\u00fcrfen der schriftlichen Zustimmung des jeweiligen Autors bzw. Erstellers. Downloads und Kopien dieser Seite sind nur f\u00fcr den privaten, nicht kommerziellen Gebrauch gestattet.<\/p>\r\n\r\n\r\n\r\n<p>Die Betreiber der Seiten sind bem\u00fcht, stets die Urheberrechte anderer zu beachten bzw. auf selbst erstellte sowie lizenzfreie Werke zur\u00fcckzugreifen.<\/p>\r\n\r\n\r\n\r\n<p><strong>Streitbeilegung<br \/><\/strong>Die EU-Kommission hat eine Internetseite zur Online-Streitbeilegung zwischen Unternehmern und Verbrauchern (OS-Plattform) eingerichtet, die Sie unter <a href=\"http:\/\/ec.europa.eu\/consumers\/odr\/\" target=\"_blank\" rel=\"noreferrer noopener\">http:\/\/ec.europa.eu\/consumers\/odr\/<\/a> erreichen.<\/p>\r\n\r\n\r\n<hr class=\"wp-block-separator has-alpha-channel-opacity\" \/>\r\n\r\n\r\n<h3 class=\"wp-block-heading\"><strong>Datenschutzerkl\u00e4rung<\/strong><\/h3>\r\n\r\n\r\n\r\n<p>Anbieter und verantwortliche Stelle im Sinne des Datenschutzgesetzes:<br \/>Landkreis Fulda<br \/>W\u00f6rthstr. 15<br \/>36037 Fulda<\/p>\r\n\r\n\r\n\r\n<p>Datenschutzbeauftragter: Sebastian Diezemann, E-Mail: rechtsangelegenheiten@landkreis-fulda.de<\/p>\r\n\r\n\r\n\r\n<p><strong>Geltungsbereich<br \/><\/strong>Nutzer erhalten mit dieser Datenschutzerkl\u00e4rung Information \u00fcber die Art, den Umfang und Zweck der Erhebung und Verwendung ihrer Daten, die durch den verantwortlichen Anbieter erhoben und verwendet werden.<\/p>\r\n\r\n\r\n\r\n<p>Den rechtlichen Rahmen f\u00fcr den Datenschutz bilden das Bundesdatenschutzgesetz (BDSG) und das Telemediengesetz (TMG).<\/p>\r\n\r\n\r\n\r\n<p><strong>Erfassung allgemeiner Informationen<br \/><\/strong>Mit jedem Zugriff auf dieses Angebot werden durch uns bzw. den Webspace-Provider automatisch Informationen erfasst. Diese Informationen, auch als Server-Logfiles bezeichnet, sind allgemeiner Natur und erlauben keine R\u00fcckschl\u00fcsse auf Ihre Person.<\/p>\r\n\r\n\r\n\r\n<p>Erfasst werden unter anderem: Name der Webseite, Datei, Datum, Datenmenge, Webbrowser und Webbrowser-Version, Betriebssystem, der Domainname Ihres Internet-Providers, die sogenannte Referrer-URL (jene Seite, von der aus Sie auf unser Angebot zugegriffen haben) und die IP-Adresse.<\/p>\r\n\r\n\r\n\r\n<p>Ohne diese Daten w\u00e4re es technisch teils nicht m\u00f6glich, die Inhalte der Webseite auszuliefern und darzustellen. Insofern ist die Erfassung der Daten zwingend notwendig. Dar\u00fcber hinaus verwenden wir die anonymen Informationen f\u00fcr statistische Zwecke. Sie helfen uns bei der Optimierung des Angebots und der Technik. Wir behalten uns zudem das Recht vor, die Log-Files bei Verdacht auf eine rechtswidrige Nutzung unseres Angebotes nachtr\u00e4glich zu kontrollieren.<\/p>\r\n\r\n\r\n\r\n<p><strong>Umgang mit personenbezogenen Daten<br \/><\/strong>Definition: Als personenbezogene Daten gelten alle Informationen, anhand derer eine Person eindeutig identifizierbar ist. Es handelt sich somit um Daten, die zu einer Person zur\u00fcckverfolgt werden k\u00f6nnen. Zu diesen personenbezogenen Daten z\u00e4hlen der Vorname und der Name, die Telefonnummer sowie die E-Mail-Adresse. Ebenso als personenbezogene Daten gelten Informationen zu Hobbies, Mitgliedschaften und Vorlieben sowie Internetseiten, die aufgerufen wurden.<\/p>\r\n\r\n\r\n\r\n<p>Diese Daten werden vom Anbieter nur erhoben, genutzt und gegebenenfalls weitergegeben, sofern der Gesetzgeber dies ausdr\u00fccklich erlaubt oder aber der Nutzer in die Erhebung, Bearbeitung, Nutzung und Weitergabe der Daten einwilligt.<\/p>\r\n\r\n\r\n\r\n<p><strong>Newsletter<br \/><\/strong>Melden Sie sich f\u00fcr unseren Newsletter an, verwenden wir die von Ihnen eingegebenen Daten ausschlie\u00dflich f\u00fcr diesen Zweck oder um sie \u00fcber die f\u00fcr diesen Dienst oder die Registrierung relevanten Umst\u00e4nde zu informieren. Diese Daten geben wir nicht an Dritte weiter.<\/p>\r\n\r\n\r\n\r\n<p>F\u00fcr den Empfang des Newsletters bedarf es einer validen (g\u00fcltigen) E-Mail-Adresse. Gespeichert werden zudem die IP-Adresse, \u00fcber die Sie sich f\u00fcr den Newsletter anmelden und das Datum, an dem Sie den Newsletter bestellen. Diese Daten dienen uns als Nachweis bei Missbrauch, falls eine fremde E-Mail-Adresse f\u00fcr den Newsletter angemeldet wird. Um dar\u00fcber hinaus sicherzustellen, dass eine E-Mail-Adresse nicht missbr\u00e4uchlich durch Dritte in unseren Verteiler eingetragen wird, arbeiten wir gesetzeskonform mit dem sogenannten \u201eDouble-Opt-In\u201c-Verfahren. Im Rahmen dieses Verfahren werden die Bestellung des Newsletters, der Versand der Best\u00e4tigungsmail und der Erhalt der Anmeldebest\u00e4tigung protokolliert.<\/p>\r\n\r\n\r\n\r\n<p>Sie haben jederzeit die M\u00f6glichkeit, Ihre Einwilligung zur Speicherung der Daten, Ihrer E-Mail-Adresse und deren Nutzung f\u00fcr den Newsletter-Versand zu widerrufen. F\u00fcr den Widerruf stellen wir Ihnen in jedem Newsletter und auf der Webseite einen Link zur Verf\u00fcgung. Sie haben au\u00dferdem die M\u00f6glichkeit, uns Ihren Widerrufswunsch \u00fcber die in diesem Dokument genannten Kontaktm\u00f6glichkeiten mitzuteilen.<\/p>\r\n\r\n\r\n\r\n<p><strong>Kontaktformular<br \/><\/strong>Wenn Sie uns \u00fcber das Onlineformular oder per E-Mail kontaktieren, speichern wir die von Ihnen gemachten Angaben, um Ihre Anfrage beantworten und m\u00f6gliche Anschlussfragen stellen zu k\u00f6nnen.<\/p>\r\n\r\n\r\n\r\n<p><strong>Einbindung von Diensten und Inhalten Dritter<br \/><\/strong>Unser Angebot umfasst mitunter Inhalte, Dienste und Leistungen anderer Anbieter. Das sind zum Beispiel Karten, die von Google-Maps zur Verf\u00fcgung gestellt werden, Videos von YouTube sowie Grafiken und Bilder anderer Webseiten. Damit diese Daten im Browser des Nutzers aufgerufen und dargestellt werden k\u00f6nnen, ist die \u00dcbermittlung der IP-Adresse zwingend notwendig. Die Anbieter (im Folgenden als \u201eDritt-Anbieter\u201c bezeichnet) nehmen also die IP-Adresse des jeweiligen Nutzers wahr. Auch wenn wir bem\u00fcht sind, ausschlie\u00dflich Dritt-Anbieter zu nutzen, welche die IP-Adresse nur ben\u00f6tigen, um Inhalte ausliefern zu k\u00f6nnen, haben wir keinen Einfluss darauf, ob die IP-Adresse m\u00f6glicherweise gespeichert wird. Dieser Vorgang dient in dem Fall unter anderem statistischen Zwecken. Sofern wir Kenntnis davon haben, dass die IP-Adresse gespeichert wird, weisen wir unsere Nutzer darauf hin.\u00a0\u00a0\u00a0\u00a0\u00a0\u00a0\u00a0\u00a0\u00a0\u00a0\u00a0\u00a0\u00a0\u00a0\u00a0\u00a0\u00a0\u00a0\u00a0\u00a0\u00a0\u00a0\u00a0\u00a0\u00a0\u00a0\u00a0\u00a0\u00a0\u00a0\u00a0\u00a0\u00a0\u00a0\u00a0\u00a0\u00a0\u00a0\u00a0\u00a0\u00a0\u00a0\u00a0\u00a0\u00a0\u00a0\u00a0\u00a0\u00a0\u00a0\u00a0\u00a0\u00a0\u00a0\u00a0\u00a0\u00a0\u00a0\u00a0\u00a0\u00a0\u00a0\u00a0\u00a0\u00a0\u00a0\u00a0\u00a0\u00a0<\/p>\r\n\r\n\r\n\r\n<p><strong>Cookies<br \/><\/strong>Diese Webseite verwendet sogenannte Cookies. Das sind Textdateien, die vom Server aus auf Ihrem Rechner gespeichert werden. Sie enthalten Informationen zum Browser, zur IP-Adresse, dem Betriebssystem und zur Internetverbindung. Diese Daten werden von uns nicht an Dritte weitergegeben oder ohne ihre Zustimmung mit personenbezogenen Daten verkn\u00fcpft.<\/p>\r\n\r\n\r\n\r\n<p>Cookies erf\u00fcllen vor allem zwei Aufgaben. Sie helfen uns, Ihnen die Navigation durch unser Angebot zu erleichtern, und erm\u00f6glichen die korrekte Darstellung der Webseite. Sie werden nicht dazu genutzt, Viren einzuschleusen oder Programme zu starten. Nutzer haben die M\u00f6glichkeit, unser Angebot auch ohne Cookies aufzurufen. Dazu m\u00fcssen im Browser die entsprechenden Einstellungen ge\u00e4ndert werden. Informieren Sie sich bitte \u00fcber die Hilfsfunktion Ihres Browsers, wie Cookies deaktiviert werden. Wir weisen allerdings darauf hin, dass dadurch einige Funktionen dieser Webseite m\u00f6glicherweise beeintr\u00e4chtigt werden und der Nutzungskomfort eingeschr\u00e4nkt wird. Die Seiten http:\/\/www.aboutads.info\/choices (USA) und http:\/\/www.youronlinechoices.com\/uk\/your-ad-choices (Europa) erlauben es Ihnen, Online-Anzeigen-Cookies zu verwalten.<\/p>\r\n\r\n\r\n\r\n<p><strong>Ihre Rechte auf Auskunft, Berichtigung, Sperre, L\u00f6schung und Widerspruch<br \/><\/strong>Sie haben das Recht, auf Antrag unentgeltlich eine Auskunft, \u00fcber die bei uns gespeicherten personenbezogenen Daten, anzufordern und\/oder eine Berichtigung, Sperrung oder L\u00f6schung zu verlangen. Ausnahmen: Es handelt sich um die vorgeschriebene Datenspeicherung zur Gesch\u00e4ftsabwicklung oder die Daten unterliegen der gesetzlichen Aufbewahrungspflicht.<\/p>\r\n\r\n\r\n\r\n<p>F\u00fcr diese Zwecke kontaktieren Sie bitte unseren Datenschutzbeauftragen (Kontaktdaten: am Ende der Datenschutzerkl\u00e4rung).<\/p>\r\n\r\n\r\n\r\n<p>Um eine Datensperre jederzeit ber\u00fccksichtigen zu k\u00f6nnen, ist es erforderlich, die Daten f\u00fcr Kontrollzwecke in einer Sperrdatei vorzuhalten. Besteht keine gesetzliche Archivierungspflicht, k\u00f6nnen Sie auch die L\u00f6schung der Daten verlangen. Anderenfalls sperren wir die Daten, sofern Sie dies w\u00fcnschen.<\/p>\r\n\r\n\r\n\r\n<p><strong>\u00c4nderung unserer Datenschutzerkl\u00e4rung<br \/><\/strong>Um zu gew\u00e4hrleisten, dass unsere Datenschutzerkl\u00e4rung stets den aktuellen gesetzlichen Vorgaben entspricht, behalten wir uns jederzeit \u00c4nderungen vor. Das gilt auch f\u00fcr den Fall, dass die Datenschutzerkl\u00e4rung aufgrund neuer oder \u00fcberarbeiteter Leistungen, zum Beispiel neuer Serviceleistungen, angepasst werden muss. Die neue Datenschutzerkl\u00e4rung greift dann bei Ihrem n\u00e4chsten Besuch auf unserem Angebot.<\/p>\r\n\r\n\r\n\r\n<p>Quelle: Datenschutz-Konfigurator von http:\/\/www.mein-datenschutzbeauftragter.de<\/p>\r\n\r\n\r\n\r\n<p>&nbsp;<\/p>\r\n","protected":false},"excerpt":{"rendered":"<p>Impressum KreisMusikSchuleW\u00f6rthstr. 1536037 Fulda Tel.: (0661) 6006-1644Fax: (0661) 6006-1630E-Mail: musikschule@landkreis-fulda.de &nbsp; &nbsp; &nbsp; &nbsp; &nbsp; Die Volkshochschule des Landkreises Fulda ist eine Einrichtung des Landkreises Fulda und untersteht dem Kreisausschuss. &nbsp; &nbsp; &nbsp; Verantwortlich f\u00fcr den Inhalt nach \u00a7 55 Abs. 2 RStV ist derLandkreis FuldaW\u00f6rthstr. 1536037 Fulda Sprechzeiten der Verwaltung:Montag, Dienstag, Donnerstag: 8.30 Uhr [&hellip;]<\/p>\n","protected":false},"author":1,"featured_media":0,"parent":0,"menu_order":0,"comment_status":"closed","ping_status":"closed","template":"","meta":{"footnotes":""},"class_list":["post-21","page","type-page","status-publish","hentry"],"_links":{"self":[{"href":"https:\/\/www.musik-landkreis-fulda.de\/index.php?rest_route=\/wp\/v2\/pages\/21","targetHints":{"allow":["GET"]}}],"collection":[{"href":"https:\/\/www.musik-landkreis-fulda.de\/index.php?rest_route=\/wp\/v2\/pages"}],"about":[{"href":"https:\/\/www.musik-landkreis-fulda.de\/index.php?rest_route=\/wp\/v2\/types\/page"}],"author":[{"embeddable":true,"href":"https:\/\/www.musik-landkreis-fulda.de\/index.php?rest_route=\/wp\/v2\/users\/1"}],"replies":[{"embeddable":true,"href":"https:\/\/www.musik-landkreis-fulda.de\/index.php?rest_route=%2Fwp%2Fv2%2Fcomments&post=21"}],"version-history":[{"count":0,"href":"https:\/\/www.musik-landkreis-fulda.de\/index.php?rest_route=\/wp\/v2\/pages\/21\/revisions"}],"wp:attachment":[{"href":"https:\/\/www.musik-landkreis-fulda.de\/index.php?rest_route=%2Fwp%2Fv2%2Fmedia&parent=21"}],"curies":[{"name":"wp","href":"https:\/\/api.w.org\/{rel}","templated":true}]}}